et m = 3 - 1. Suppose -6*i + 2*i + 12 = 0, -m*g - 5*i + 15 = 0. What is the units digit of u(g)?
8
Let w(z) = -z**2 - 8*z - 4. Let k be w(-6). Suppose h - 2*s - k = 0, 2*h - 32 = -2*h - 2*s. What is the units digit of h?
8
Let q(f) be the second derivative of f**4/12 - f**3/2 - 5*f**2/2 - 2*f. Let i be q(5). Let k = i + -3. What is the units digit of k?
2
Let r(c) = c**3 + 11*c**2 + 11*c + 3. Let v be r(-10). Let n = v + 12. Suppose -2 = n*z - 17. What is the units digit of z?
3
Let n = 111 + -53. What is the units digit of n?
8
Let s = 90 - -257. What is the hundreds digit of s?
3
Let j = -3 + 118. What is the tens digit of j?
1
Let y(j) be the third derivative of -j**5/60 - 7*j**4/24 - j**3/6 + 3*j**2. What is the units digit of y(-5)?
9
Let u = 117 - 60. What is the units digit of u?
7
Suppose 5*j - 180 = 3*p, -j + 0*j - p + 44 = 0. What is the units digit of j?
9
What is the tens digit of 8/(-2)*(-489)/12?
6
Let a be (1*-4)/((-8)/104). Suppose -2*m + 5*m - 96 = -3*r, 0 = 2*m + 5*r - a. What is the units digit of m?
6
Suppose -k - 14 - 1 = 0. Let p = -6 - k. What is the units digit of p?
9
What is the tens digit of 4 - (4 + -1) - -45?
4
Let x be -1 + 0 - (-2 - 2). Suppose 2*j = -k + 28, 4*j - 70 = -j - x*k. What is the units digit of j?
4
Let q be 1/3 + 35/21. Suppose 15 = -3*d + 3*f, -5*f = 2*d + q*d - 25. Suppose c = -d*c + 19. What is the tens digit of c?
1
Let z(v) = -v + 2. Let i be z(4). Let x be 6/(-3) - 0/i. What is the units digit of -2*(-1)/x + 6?
5
Let f be 4/(-14) - (-46)/14. Let b(j) = 2*j + 2*j**2 - 4*j**2 - 2 + 8*j**3 + 0*j**3 - 7*j**3. What is the tens digit of b(f)?
1
Let g(r) = r**3 + 4*r**2 - 5*r + 2. Let q be g(-5). Suppose -3*k = -q*w + 6, 2*w - 4*k - 8 = -w. What is the units digit of (w/(-3))/2 + 8?
8
Let f be 19*(5 + -4)/(-1). Let b = 54 + f. What is the units digit of b?
5
Let q = -8 + 8. Suppose -c + q*c = -85. Suppose 3*r - c = -2*r. What is the units digit of r?
7
Suppose 3*s + 20 = -l + 8*s, -3*l + 4*s - 16 = 0. Suppose p + 0 - 4 = l. What is the units digit of 2/p*(-1 + 3)?
1
Suppose -2*c + 4*d = -206, 0 = -2*c - c + 2*d + 301. What is the tens digit of c?
9
Let h(a) = -4*a + 4. What is the tens digit of h(-7)?
3
What is the units digit of ((-56)/5)/((-1)/5)?
6
Suppose -3 = q - 22. What is the units digit of q?
9
Let j(a) be the first derivative of a - 3*a**2 + 2 - 1/3*a**3. What is the tens digit of j(-3)?
1
Let g(z) = z**3 + 12*z**2 - 15*z - 30. What is the units digit of g(-12)?
0
Let g = -12 - -4. Let r = g + 11. Suppose r*o - 64 = -o. What is the units digit of o?
6
Suppose -3*m - 12 = -a - 50, 2*a = 8. What is the tens digit of m?
1
Let j = 26 - 5. What is the units digit of j?
1
Let m(a) be the first derivative of a**2/2 + 5*a + 3. Let f be m(-5). What is the units digit of 1 + (-1 - -1) - f?
1
Let f(d) = 2 - 1 - 7*d - 5. Let l be f(-3). Suppose -2*w - 16 = -2*n - 3*w, -n + 4*w = -l. What is the units digit of n?
9
Let y(b) = -b**3 + 5*b**2 + 6*b + 2. Let d be y(6). Let p = 92 - 65. Suppose -f + 4*f - 34 = -d*k, -3*k = -2*f + p. What is the units digit of f?
2
Suppose -3*d + 160 = -w, 3*d + 5*w = 43 + 129. What is the tens digit of d?
5
Let z = 12 + 8. What is the tens digit of z?
2
Let u = -3 + 11. Suppose 3*i - u = 97. Suppose 3*k = -2*k + i. What is the units digit of k?
7
Suppose 0 = 36*u - 38*u + 12. What is the units digit of 116/(-6)*(-9)/u?
9
Suppose 2*m - 5*m = -5*h - 32, -4*m - 3*h + 62 = 0. What is the tens digit of m?
1
Let o be ((-4)/(-5))/(4/(-10)). Let x(q) = 4*q**2 + 2*q + 1. What is the units digit of x(o)?
3
Let v(j) = -j**2 + 5*j + 1. Let z be v(4). Let b = z + -6. What is the units digit of 2/2 - (b + -1)?
3
What is the units digit of (72/(-14))/(7/(-49))?
6
Let x = -11 - -7. Let d(v) = -v**3 - 4*v**2 + 3*v + 2. Let g be d(x). What is the tens digit of -3*g/6*4?
2
Suppose -4*h = 4 - 64. Suppose 5*w - 15 = 5*m, -3*w - h = -5*m - 4*w. What is the units digit of m?
2
Let c be (2/(-3))/(10/15). Let t = c - -6. What is the units digit of t?
5
Let j = 34 - -219. What is the tens digit of j?
5
Suppose 3*t - 1 = 92. Let b = t + -21. What is the units digit of b?
0
Suppose 95 = 2*j - 7*j. Let p = -13 - j. What is the units digit of p?
6
Let p = -3 + 1. Let b be 280/49 + p/(-7). What is the tens digit of 68/6 - b/18?
1
Suppose 2*c = c + 350. Suppose c = -0*m - 5*m. What is the units digit of 1/3 + m/(-15)?
5
Suppose z - 4*z - 15 = 0. Let d = 28 + z. What is the tens digit of d?
2
Let r = -6 + 11. Suppose -r*i - 3*o = -2*i - 78, -2*i + 27 = -3*o. What is the units digit of i?
1
Let c(f) = 9*f**2 + 2*f + 1. Let l be c(-1). Let n be ((-108)/(-10))/(l/20). What is the units digit of (9/n)/(2/90)?
5
Let x be 5 + 1 + (-1 - 0). Suppose -g = v + 4*g - 2, -29 = -2*v - x*g. What is the units digit of v?
7
Let b be (24/10)/(3/10). Let a = b + -6. What is the units digit of a?
2
Let o(g) = g + 14. Let m be o(-10). Suppose -3*p - 2 = -3*s + 28, 0 = 3*s + m*p + 5. What is the units digit of s?
5
Suppose 3*n + 3*a = 2*a - 606, -4*n = -5*a + 808. What is the units digit of n/(-22) - (-20)/(-110)?
9
Let x(a) = a - 5. Let r be 137/(-9) + 2/9. Let p = -8 - r. What is the units digit of x(p)?
2
Suppose -3*t + 76 = j - 0*j, 3*j - 4*t = 176. What is the units digit of j?
4
Let f(t) = 2*t**3 - t**2 - 2*t + 18. What is the tens digit of f(0)?
1
Let b(q) = q**2 + 7*q + 7. Let s be b(-6). Suppose -m + 32 = 3*m. Let w = m - s. What is the units digit of w?
7
Let h = 236 - 106. What is the hundreds digit of h?
1
Let k = -5 + 202. What is the hundreds digit of k?
1
Suppose -n - 16 = 3*n + 4*l, -n + 4*l = -16. What is the units digit of (-9 + 3)*(-1 + n)?
6
Let y(h) = 2*h**2 + 1. Let f be y(1). Suppose f*i - 3 - 3 = 0. Suppose 2*z + 5*u - i*u - 30 = 0, -5*u = -4*z + 104. What is the units digit of z?
1
Let q(w) = -w**3 + 15*w**2 + 28*w + 18. What is the tens digit of q(16)?
1
Let p(s) = s**2 + 19*s - 3. What is the hundreds digit of p(-25)?
1
Let j(l) be the third derivative of -5/6*l**3 + 3/8*l**4 + 0*l + 1/120*l**6 + 0 - l**2 - 3/20*l**5. What is the units digit of j(8)?
3
Let g = 18 - 18. Suppose g = 5*x - i - 41, i - 14 = -2*x - i. What is the units digit of x?
8
Suppose 56 = 7*h - 3*h. What is the tens digit of h?
1
Suppose 3*h - 45 = -0*h. What is the units digit of h?
5
Suppose m = 2*n - 0*m - 1, -8 = 4*n - 4*m. Let d(b) = -b**2 + 5*b - 4. What is the units digit of d(n)?
2
Let p(s) = -s**2 + 5*s. Let v be p(6). Let d(b) = -b - 3. What is the units digit of d(v)?
3
Let t = -144 - -294. What is the units digit of t?
0
Let d = -7 - -10. Let k(y) = y**3 + 7*y**2 - y + 2. Let c(m) = m**3 + m**2 + m. Let s(j) = -2*c(j) + k(j). What is the units digit of s(d)?
1
Suppose 2*g - 5 + 1 = 0. Let m(j) = -j**2 - 9*j - 6. Let u be m(-7). Suppose 2*a + 31 = g*p - 3*a, p - a - u = 0. What is the units digit of p?
3
Suppose 423 - 1633 = -10*j. What is the units digit of j?
1
Suppose j + 3*q = 12, 0 = -3*j + 2*q - 5*q + 24. Suppose t = j + 17. What is the tens digit of t?
2
Let b = -278 + 413. What is the units digit of b?
5
Suppose 3*r = -3*l + 111, -4*l + 2*r = 3*r - 145. Let z = 64 - l. What is the units digit of z?
8
Let h = -3 - -25. What is the tens digit of h?
2
Let p(t) = 2*t + 11. What is the units digit of p(10)?
1
Let s be -3 - (2/(-1) + 2). Suppose 0 = -2*l - l + 3. What is the units digit of (18/s)/(l*-1)?
6
What is the tens digit of (10 + -9)/((-2)/(-70))?
3
Suppose 2*u - 6 = -4*m, 3*u = m + 4 + 5. Suppose d - 2*d = 2*b - 27, -5*b - 4*d + 75 = m. What is the units digit of b?
1
Let f = -4 - -6. Suppose -z + 0*z = -3*d - 15, 4*z - 4 = -f*d. What is the units digit of (6/z + -3)*-10?
0
Suppose 2*d + 3*a + 3 = -28, -3*a + 3 = 0. Let o = d - -45. What is the units digit of o?
8
What is the units digit of 1288/49 + 2/(-7)?
6
Let g = 30 - 14. Let i = g - 6. What is the tens digit of i?
1
Suppose -d - 2*d = u - 18, 3*d - 3 = 4*u. Suppose -4*o - d*q + 47 = 0, o + 5*q = 5*o - 57. What is the tens digit of o?
1
Let y(t) = 2*t - 16. Let h be y(9). What is the units digit of ((-7)/h)/((-17)/204)?
2
What is the units digit of -2*18*4/(-16)?
9
Let u(l) be the third derivative of l**5/60 - l**4/4 + 7*l**3/6 - 3*l**2. What is the tens digit of u(7)?
1
Let c(p) = p - 8. Let s(q) = -q**3 + 6*q**2 + q - 2. Let t be s(6). Suppose 0*i +